{"id":39,"date":"2017-01-23T10:30:22","date_gmt":"2017-01-23T09:30:22","guid":{"rendered":"\/\/www.graficapersitiweb.altervista.org\/pinori\/?page_id=39"},"modified":"2025-02-01T23:23:54","modified_gmt":"2025-02-01T22:23:54","slug":"azienda","status":"publish","type":"page","link":"https:\/\/www.pinori.it\/index.php\/azienda\/","title":{"rendered":"AZIENDA"},"content":{"rendered":"<div class=\"wpb-content-wrapper\">[vc_row][vc_column][mk_padding_divider size=&#8221;20&#8243;][\/vc_column][\/vc_row][vc_row][vc_column width=&#8221;1\/2&#8243;][mk_title_box size=&#8221;26&#8243; font_weight=&#8221;bold&#8221; font_family=&#8221;none&#8221;]\n<h1>AZIENDA<\/h1>\n[\/mk_title_box][vc_separator color=&#8221;orange&#8221; align=&#8221;align_left&#8221; border_width=&#8221;2&#8243; el_width=&#8221;10&#8243;][mk_title_box size=&#8221;26&#8243; line_height=&#8221;19&#8243; font_weight=&#8221;300&#8243; margin_bottom=&#8221;9&#8243; font_family=&#8221;none&#8221;]CREATIVIT\u00c1, QUALIT\u00c1 ED ELEGANZA[\/mk_title_box][vc_column_text]\n<p style=\"text-align: justify;\">Una storia che dura da quasi 50 anni, quella di Pinori Filati, azienda leader nel settore del filato industriale per maglieria.<\/p>\n<p style=\"text-align: justify;\">Creativit\u00e0, qualit\u00e0 ed eleganza in una sintesi perfetta come punti di riferimento delle collezioni Pinori Filati, ma anche ricerca ed innovazione che ha portato l&#8217;azienda ad una crescita costante negli anni.<\/p>\n<p style=\"text-align: justify;\">La filatura Pinori Filati, forte di una luminosa tradizione, sospinta da un brillante e modernissimo know-how, si pone all&#8217;avanguardia di un costante processo verso la ricerca della miglior soluzione in termini di qualit\u00e0 del prodotto.<\/p>\n[\/vc_column_text][\/vc_column][vc_column width=&#8221;1\/2&#8243;][mk_gallery images=&#8221;283&#8243; column=&#8221;1&#8243; image_size=&#8221;full&#8221; overlay_color=&#8221;#000000&#8243; frame_style=&#8221;rounded&#8221; item_id=&#8221;1485165239-5885d2b7bab3b&#8221;][\/vc_column][\/vc_row][vc_row][vc_column width=&#8221;1\/2&#8243;][mk_gallery images=&#8221;4044&#8243; column=&#8221;1&#8243; image_size=&#8221;full&#8221; overlay_color=&#8221;#000000&#8243; frame_style=&#8221;rounded&#8221; item_id=&#8221;1485165239-5885d2b7bab3b&#8221;][\/vc_column][vc_column width=&#8221;1\/2&#8243;][mk_title_box size=&#8221;26&#8243; font_weight=&#8221;bold&#8221; font_family=&#8221;none&#8221;]\n<h1>PHILOSOPHY<\/h1>\n[\/mk_title_box][vc_separator color=&#8221;orange&#8221; align=&#8221;align_left&#8221; border_width=&#8221;2&#8243; el_width=&#8221;10&#8243;][mk_title_box size=&#8221;26&#8243; line_height=&#8221;19&#8243; font_weight=&#8221;300&#8243; margin_bottom=&#8221;9&#8243; font_family=&#8221;none&#8221;]LA RICERCA, ALLA BASE DI TUTTO[\/mk_title_box][vc_column_text]\n<p style=\"text-align: justify;\">Ricerca, qualit\u00e0, identit\u00e0 rappresentano le motivazioni di base di ogni collezione e i fondamentali della cultura aziendale. La Pinori Filati in piu&#8217; di quarant&#8217;anni di attivit\u00e0 si \u00e8 distinta sul mercato sposando l&#8217;esperienza e il saper fare con la volont\u00e0 di sperimentare attraverso l&#8217; attenzione all&#8217;evoluzione tecnologica e alle modificazioni degli stili dei consumatori.<\/p>\n[\/vc_column_text][\/vc_column][\/vc_row][vc_row][vc_column width=&#8221;1\/2&#8243;][mk_title_box size=&#8221;26&#8243; font_weight=&#8221;bold&#8221; font_family=&#8221;none&#8221;]\n<h1>Materie Prime<\/h1>\n[\/mk_title_box][vc_separator color=&#8221;orange&#8221; align=&#8221;align_left&#8221; border_width=&#8221;2&#8243; el_width=&#8221;10&#8243;][mk_title_box size=&#8221;26&#8243; line_height=&#8221;19&#8243; font_weight=&#8221;300&#8243; margin_bottom=&#8221;9&#8243; font_family=&#8221;none&#8221;]UN&#8217; ACCURATA SELEZIONE[\/mk_title_box][vc_column_text]\n<p style=\"text-align: justify;\">L&#8217;impiego delle fibre naturali, le miste pregiate (l&#8217;alpaca dal Per\u00f9, la lana dall&#8217;Argentina e dall&#8217;Australia, il cotone indiano) contribuiscono a dare valore, tradizione e personalit\u00e0 al prodotto.<\/p>\n[\/vc_column_text][\/vc_column][vc_column width=&#8221;1\/2&#8243;][mk_gallery images=&#8221;4042&#8243; column=&#8221;1&#8243; image_size=&#8221;full&#8221; overlay_color=&#8221;#000000&#8243; frame_style=&#8221;rounded&#8221; item_id=&#8221;1485165239-5885d2b7bab3b&#8221;][\/vc_column][\/vc_row][vc_row][vc_column width=&#8221;1\/2&#8243;][mk_gallery images=&#8221;4046&#8243; column=&#8221;1&#8243; image_size=&#8221;full&#8221; overlay_color=&#8221;#000000&#8243; frame_style=&#8221;rounded&#8221; item_id=&#8221;1485165239-5885d2b7bab3b&#8221;][\/vc_column][vc_column width=&#8221;1\/2&#8243;][mk_title_box size=&#8221;26&#8243; font_weight=&#8221;bold&#8221; font_family=&#8221;none&#8221;]\n<h1>PRODOTTI<\/h1>\n[\/mk_title_box][vc_separator color=&#8221;orange&#8221; align=&#8221;align_left&#8221; border_width=&#8221;2&#8243; el_width=&#8221;10&#8243;][mk_title_box size=&#8221;26&#8243; line_height=&#8221;19&#8243; font_weight=&#8221;300&#8243; margin_bottom=&#8221;9&#8243; font_family=&#8221;none&#8221;]UN OCCHIO SEMPRE AL FUTURO[\/mk_title_box][vc_column_text]\n<p style=\"text-align: justify;\">Pinori Filati Spa produce e commercializza tre diverse linee di prodotti che gestisce internamente. Progetta e sviluppa filati innovativi per la maglieria pettinata e per la tessitura sia jersey che navetta e aguglieria.<\/p>\n<p style=\"text-align: justify;\">L&#8217;azienda opera in tutti i mercati del mondo attraverso i propri agenti o head offices distaccati. Pinori Filati \u00e8 riconosciuta per la garanzia di un prodotto fashion e sportivo con una forte valenza di servizio nella gamme di prodotto e nelle varianti di colore che ogni anno vengono progettati.<\/p>\n[\/vc_column_text][\/vc_column][\/vc_row]\n<\/div>","protected":false},"excerpt":{"rendered":"<p>[vc_row][vc_column][mk_padding_divider size=&#8221;20&#8243;][\/vc_column][\/vc_row][vc_row][vc_column width=&#8221;1\/2&#8243;][mk_title_box size=&#8221;26&#8243; font_weight=&#8221;bold&#8221; font_family=&#8221;none&#8221;] AZIENDA [\/mk_title_box][vc_separator color=&#8221;orange&#8221; align=&#8221;align_left&#8221; border_width=&#8221;2&#8243; el_width=&#8221;10&#8243;][mk_title_box size=&#8221;26&#8243; line_height=&#8221;19&#8243; font_weight=&#8221;300&#8243; margin_bottom=&#8221;9&#8243; font_family=&#8221;none&#8221;]CREATIVIT\u00c1, QUALIT\u00c1 ED ELEGANZA[\/mk_title_box][vc_column_text] Una storia che dura da quasi 50 anni, quella di Pinori Filati, azienda leader nel settore del filato industriale per maglieria. Creativit\u00e0, qualit\u00e0 ed eleganza in una sintesi perfetta come punti di riferimento delle collezioni [&hellip;]<\/p>\n","protected":false},"author":1,"featured_media":0,"parent":0,"menu_order":0,"comment_status":"closed","ping_status":"closed","template":"","meta":{"footnotes":""},"class_list":["post-39","page","type-page","status-publish","hentry"],"yoast_head":"<!-- This site is optimized with the Yoast SEO plugin v27.1.1 - https:\/\/yoast.com\/product\/yoast-seo-wordpress\/ -->\n<title>AZIENDA - Pinori Filati<\/title>\n<meta name=\"robots\" content=\"index, follow, max-snippet:-1, max-image-preview:large, max-video-preview:-1\" \/>\n<link rel=\"canonical\" href=\"https:\/\/www.pinori.it\/index.php\/azienda\/\" \/>\n<meta property=\"og:locale\" content=\"it_IT\" \/>\n<meta property=\"og:type\" content=\"article\" \/>\n<meta property=\"og:title\" content=\"AZIENDA - Pinori Filati\" \/>\n<meta property=\"og:description\" content=\"[vc_row][vc_column][mk_padding_divider size=&#8221;20&#8243;][\/vc_column][\/vc_row][vc_row][vc_column width=&#8221;1\/2&#8243;][mk_title_box size=&#8221;26&#8243; font_weight=&#8221;bold&#8221; font_family=&#8221;none&#8221;] AZIENDA [\/mk_title_box][vc_separator color=&#8221;orange&#8221; align=&#8221;align_left&#8221; border_width=&#8221;2&#8243; el_width=&#8221;10&#8243;][mk_title_box size=&#8221;26&#8243; line_height=&#8221;19&#8243; font_weight=&#8221;300&#8243; margin_bottom=&#8221;9&#8243; font_family=&#8221;none&#8221;]CREATIVIT\u00c1, QUALIT\u00c1 ED ELEGANZA[\/mk_title_box][vc_column_text] Una storia che dura da quasi 50 anni, quella di Pinori Filati, azienda leader nel settore del filato industriale per maglieria. Creativit\u00e0, qualit\u00e0 ed eleganza in una sintesi perfetta come punti di riferimento delle collezioni [&hellip;]\" \/>\n<meta property=\"og:url\" content=\"https:\/\/www.pinori.it\/index.php\/azienda\/\" \/>\n<meta property=\"og:site_name\" content=\"Pinori Filati\" \/>\n<meta property=\"article:modified_time\" content=\"2025-02-01T22:23:54+00:00\" \/>\n<meta name=\"twitter:card\" content=\"summary_large_image\" \/>\n<meta name=\"twitter:label1\" content=\"Tempo di lettura stimato\" \/>\n\t<meta name=\"twitter:data1\" content=\"3 minuti\" \/>\n<script type=\"application\/ld+json\" class=\"yoast-schema-graph\">{\"@context\":\"https:\/\/schema.org\",\"@graph\":[{\"@type\":\"WebPage\",\"@id\":\"https:\/\/www.pinori.it\/index.php\/azienda\/\",\"url\":\"https:\/\/www.pinori.it\/index.php\/azienda\/\",\"name\":\"AZIENDA - Pinori Filati\",\"isPartOf\":{\"@id\":\"https:\/\/www.pinori.it\/#website\"},\"datePublished\":\"2017-01-23T09:30:22+00:00\",\"dateModified\":\"2025-02-01T22:23:54+00:00\",\"breadcrumb\":{\"@id\":\"https:\/\/www.pinori.it\/index.php\/azienda\/#breadcrumb\"},\"inLanguage\":\"it-IT\",\"potentialAction\":[{\"@type\":\"ReadAction\",\"target\":[\"https:\/\/www.pinori.it\/index.php\/azienda\/\"]}]},{\"@type\":\"BreadcrumbList\",\"@id\":\"https:\/\/www.pinori.it\/index.php\/azienda\/#breadcrumb\",\"itemListElement\":[{\"@type\":\"ListItem\",\"position\":1,\"name\":\"Home\",\"item\":\"https:\/\/www.pinori.it\/\"},{\"@type\":\"ListItem\",\"position\":2,\"name\":\"AZIENDA\"}]},{\"@type\":\"WebSite\",\"@id\":\"https:\/\/www.pinori.it\/#website\",\"url\":\"https:\/\/www.pinori.it\/\",\"name\":\"Pinori Filati\",\"description\":\"Una storia che dura da quasi 50 anni, quella di Pinori Filati, azienda leader nel settore del filato industriale per maglieria.\",\"potentialAction\":[{\"@type\":\"SearchAction\",\"target\":{\"@type\":\"EntryPoint\",\"urlTemplate\":\"https:\/\/www.pinori.it\/?s={search_term_string}\"},\"query-input\":{\"@type\":\"PropertyValueSpecification\",\"valueRequired\":true,\"valueName\":\"search_term_string\"}}],\"inLanguage\":\"it-IT\"}]}<\/script>\n<!-- \/ Yoast SEO plugin. -->","yoast_head_json":{"title":"AZIENDA - Pinori Filati","robots":{"index":"index","follow":"follow","max-snippet":"max-snippet:-1","max-image-preview":"max-image-preview:large","max-video-preview":"max-video-preview:-1"},"canonical":"https:\/\/www.pinori.it\/index.php\/azienda\/","og_locale":"it_IT","og_type":"article","og_title":"AZIENDA - Pinori Filati","og_description":"[vc_row][vc_column][mk_padding_divider size=&#8221;20&#8243;][\/vc_column][\/vc_row][vc_row][vc_column width=&#8221;1\/2&#8243;][mk_title_box size=&#8221;26&#8243; font_weight=&#8221;bold&#8221; font_family=&#8221;none&#8221;] AZIENDA [\/mk_title_box][vc_separator color=&#8221;orange&#8221; align=&#8221;align_left&#8221; border_width=&#8221;2&#8243; el_width=&#8221;10&#8243;][mk_title_box size=&#8221;26&#8243; line_height=&#8221;19&#8243; font_weight=&#8221;300&#8243; margin_bottom=&#8221;9&#8243; font_family=&#8221;none&#8221;]CREATIVIT\u00c1, QUALIT\u00c1 ED ELEGANZA[\/mk_title_box][vc_column_text] Una storia che dura da quasi 50 anni, quella di Pinori Filati, azienda leader nel settore del filato industriale per maglieria. Creativit\u00e0, qualit\u00e0 ed eleganza in una sintesi perfetta come punti di riferimento delle collezioni [&hellip;]","og_url":"https:\/\/www.pinori.it\/index.php\/azienda\/","og_site_name":"Pinori Filati","article_modified_time":"2025-02-01T22:23:54+00:00","twitter_card":"summary_large_image","twitter_misc":{"Tempo di lettura stimato":"3 minuti"},"schema":{"@context":"https:\/\/schema.org","@graph":[{"@type":"WebPage","@id":"https:\/\/www.pinori.it\/index.php\/azienda\/","url":"https:\/\/www.pinori.it\/index.php\/azienda\/","name":"AZIENDA - Pinori Filati","isPartOf":{"@id":"https:\/\/www.pinori.it\/#website"},"datePublished":"2017-01-23T09:30:22+00:00","dateModified":"2025-02-01T22:23:54+00:00","breadcrumb":{"@id":"https:\/\/www.pinori.it\/index.php\/azienda\/#breadcrumb"},"inLanguage":"it-IT","potentialAction":[{"@type":"ReadAction","target":["https:\/\/www.pinori.it\/index.php\/azienda\/"]}]},{"@type":"BreadcrumbList","@id":"https:\/\/www.pinori.it\/index.php\/azienda\/#breadcrumb","itemListElement":[{"@type":"ListItem","position":1,"name":"Home","item":"https:\/\/www.pinori.it\/"},{"@type":"ListItem","position":2,"name":"AZIENDA"}]},{"@type":"WebSite","@id":"https:\/\/www.pinori.it\/#website","url":"https:\/\/www.pinori.it\/","name":"Pinori Filati","description":"Una storia che dura da quasi 50 anni, quella di Pinori Filati, azienda leader nel settore del filato industriale per maglieria.","potentialAction":[{"@type":"SearchAction","target":{"@type":"EntryPoint","urlTemplate":"https:\/\/www.pinori.it\/?s={search_term_string}"},"query-input":{"@type":"PropertyValueSpecification","valueRequired":true,"valueName":"search_term_string"}}],"inLanguage":"it-IT"}]}},"_links":{"self":[{"href":"https:\/\/www.pinori.it\/index.php\/wp-json\/wp\/v2\/pages\/39","targetHints":{"allow":["GET"]}}],"collection":[{"href":"https:\/\/www.pinori.it\/index.php\/wp-json\/wp\/v2\/pages"}],"about":[{"href":"https:\/\/www.pinori.it\/index.php\/wp-json\/wp\/v2\/types\/page"}],"author":[{"embeddable":true,"href":"https:\/\/www.pinori.it\/index.php\/wp-json\/wp\/v2\/users\/1"}],"replies":[{"embeddable":true,"href":"https:\/\/www.pinori.it\/index.php\/wp-json\/wp\/v2\/comments?post=39"}],"version-history":[{"count":5,"href":"https:\/\/www.pinori.it\/index.php\/wp-json\/wp\/v2\/pages\/39\/revisions"}],"predecessor-version":[{"id":4048,"href":"https:\/\/www.pinori.it\/index.php\/wp-json\/wp\/v2\/pages\/39\/revisions\/4048"}],"wp:attachment":[{"href":"https:\/\/www.pinori.it\/index.php\/wp-json\/wp\/v2\/media?parent=39"}],"curies":[{"name":"wp","href":"https:\/\/api.w.org\/{rel}","templated":true}]}}